{"id":440,"date":"2025-01-31T01:13:03","date_gmt":"2025-01-31T00:13:03","guid":{"rendered":"https:\/\/www.diseco.eu\/stage\/?page_id=440"},"modified":"2025-03-26T19:16:43","modified_gmt":"2025-03-26T18:16:43","slug":"home-hu","status":"publish","type":"page","link":"https:\/\/www.diseco.eu\/stage\/home-hu\/","title":{"rendered":"Home HU"},"content":{"rendered":"\n\n\n<h2>\u00dcdv\u00f6z\u00f6lj\u00fck T\u00e1rsas\u00e1gunkban<\/h2>\n\n\n\n\n<p>Lorem Ipsum has been the industry&#8217;s standard dummy text ever since the 1500s.<\/p>\n\n<h2>Szolg\u00e1ltat\u00e1sok<\/h2>\n<p>Sokf\u00e9le szolg\u00e1ltat\u00e1s \u00e1ll a k\u00f6z\u00f6ss\u00e9g rendelkez\u00e9s\u00e9re<\/p>\n\n\n\n<p>Lorem Ipsum has been the industry&#8217;s standard dummy text ever since the 1500s.<\/p>\n\n<h2>\u00dczleti tan\u00e1csad\u00e1s<\/h2>\n<p>Seg\u00edt\u00fcnk a c\u00e9geknek el\u00e9rni a c\u00e9lt v\u00e1llalkoz\u00e1sukkal<\/p>\n\n\n\n<p>Lorem Ipsum has been the industry&#8217;s standard dummy text ever since the 1500s.<\/p>\n\n<h2>Szoftverfejleszt\u00e9s<\/h2>\n<p>Szem\u00e9lyre szabott szoftvermegold\u00e1sokat fejleszt\u00fcnk<\/p>\n\n\n\n\n\n\n\n<h2>C\u00e9g\u00fcnk<br><\/h2>\n\n<p style=\"text-align: center;\">K\u00fcl\u00f6nb\u00f6z\u0151 szakmai szem\u00e9lyis\u00e9gek alkott\u00e1k azzal a c\u00e9llal, hogy <strong>360\u00b0-ban<\/strong> mozogjanak a szolg\u00e1ltat\u00e1sok vil\u00e1g\u00e1ban<\/p>\n\n\n\n<p>Lorem Ipsum has been the industry&#8217;s standard dummy text ever since the 1500s.<\/p>\n\n\n\n<h2>T\u00f6k\u00e9letes megold\u00e1st tervez\u00fcnk szolg\u00e1ltat\u00e1sok, \u00fczleti tan\u00e1csad\u00e1s \u00e9s szoftverfejleszt\u00e9s ter\u00fclet\u00e9n<\/h2>\n\n\n\n\n\n\n\n\n<h2>Partnereink<\/h2>\n\n<p style=\"text-align: center;\">Partnereink \u00e1ltal ny\u00fajtott szolg\u00e1ltat\u00e1sok list\u00e1ja:<\/p>\n\n\n\n\n\n\n\n\n\n\n\n\n\n\n\n\n\n\n\n\n\n\n\n\n\n\n\n\n\n\n\n\n\n\n\n\n\n\n\n\n\n\n\n\n\n\n\n\n\n\n\n\n\n\n\n\n\n\n\n\n\n\n\n\n\n\n\n\n\n\n\n\n\n\n\n\n\n\n\n\n\n\n\n\n\n\n\n\n\n\n\n\n\n\n\n\n\n\n\n\n\n\n\n\n\n\n\n\n\n\n\n\n\n\n\n\n\n\n\n\n\n\n\n\n\n\n\n\n\n\n\n\n\n\n\n\n\n\n\n\n\n\n\n\n\n\n\n\n\n\n\n\n\n\n\n\n\n\n\n\n\n\n\n\n\n\n\n\n\n\n\n\n\n\n\n\n\n\n\n\n\n\n\n\n\n\n\n\n\n\n\n\n\n\n\n\n\n\n\n<h2>Seg\u00edt\u00fcnk <span style=\"color:#000000;\">\u00fcgyfeleinknekhogy<\/span> el\u00e9rj\u00e9k <span style=\"color:#000000;\">c\u00e9ljaikat<\/span><\/h2>\n\n\n<p>Automatiz\u00e1ljuk a folyamatokat a hat\u00e9konys\u00e1g \u00e9s eredm\u00e9nyess\u00e9g \u00e9rdek\u00e9ben<\/p>\n\n\n\n\n<h2>A mi v\u00edzi\u00f3nk<\/h2>\n\n\n\n\n<p>Lorem Ipsum has been the industry&#8217;s standard dummy text ever since the 1500s.<\/p>\n\n\n\n<h5>A <strong><em>technol\u00f3gia<\/em><\/strong> \u00e1ll tev\u00e9kenys\u00e9g\u00fcnk k\u00f6z\u00e9ppontj\u00e1ban<\/h5>\n<p>Olyan technol\u00f3giai platformot tervezt\u00fcnk \u00e9s hoztunk l\u00e9tre, amely minden menedzsment probl\u00e9m\u00e1t megold<\/p>\n\n\n\n\n\n\n<h2>Csapatunk<\/h2>\n\n<p>Olyan szakemberekb\u0151l \u00e1ll, akik t\u00f6bb \u00e9ves v\u00e1llalkoz\u00f3i tev\u00e9kenys\u00e9g sor\u00e1n kifejlesztett k\u00e9szs\u00e9geiket egyes\u00edtett\u00e9k<\/p>\n\n\n\n\n\n\n\nEredm\u00e9nyek<br>\n\n\n\n\n\n<p style=\"text-align: center;\">Bulg\u00e1ria, Gr\u00fazia, Olaszorsz\u00e1g, Lengyelorsz\u00e1g, Magyarorsz\u00e1g<br><\/p>\n\n\n\n\n\n\n\n\n\n\n\n\n","protected":false},"excerpt":{"rendered":"","protected":false},"author":1,"featured_media":0,"parent":0,"menu_order":0,"comment_status":"closed","ping_status":"closed","template":"","meta":{"pagelayer_contact_templates":[],"_pagelayer_content":"","footnotes":""},"class_list":["post-440","page","type-page","status-publish","hentry"],"_links":{"self":[{"href":"https:\/\/www.diseco.eu\/stage\/wp-json\/wp\/v2\/pages\/440","targetHints":{"allow":["GET"]}}],"collection":[{"href":"https:\/\/www.diseco.eu\/stage\/wp-json\/wp\/v2\/pages"}],"about":[{"href":"https:\/\/www.diseco.eu\/stage\/wp-json\/wp\/v2\/types\/page"}],"author":[{"embeddable":true,"href":"https:\/\/www.diseco.eu\/stage\/wp-json\/wp\/v2\/users\/1"}],"replies":[{"embeddable":true,"href":"https:\/\/www.diseco.eu\/stage\/wp-json\/wp\/v2\/comments?post=440"}],"version-history":[{"count":17,"href":"https:\/\/www.diseco.eu\/stage\/wp-json\/wp\/v2\/pages\/440\/revisions"}],"predecessor-version":[{"id":1349,"href":"https:\/\/www.diseco.eu\/stage\/wp-json\/wp\/v2\/pages\/440\/revisions\/1349"}],"wp:attachment":[{"href":"https:\/\/www.diseco.eu\/stage\/wp-json\/wp\/v2\/media?parent=440"}],"curies":[{"name":"wp","href":"https:\/\/api.w.org\/{rel}","templated":true}]}}